he units digit of 700408886?
6
What is the ten millions digit of 2240567433?
4
What is the ten millions digit of 28913315?
2
What is the millions digit of 1468741169?
8
What is the ten millions digit of 12310448?
1
What is the tens digit of 935353945?
4
What is the hundreds digit of 323356925?
9
What is the tens digit of 402740764?
6
What is the ten millions digit of 66025552?
6
What is the millions digit of 70908756?
0
What is the hundred millions digit of 133729795?
1
What is the hundred thousands digit of 11245673?
2
What is the hundred thousands digit of 26800161?
8
What is the millions digit of 1341489262?
1
What is the hundreds digit of 588729?
7
What is the units digit of 10361724?
4
What is the hundreds digit of 170116728?
7
What is the thousands digit of 64081113?
1
What is the thousands digit of 39419474?
9
What is the hundred thousands digit of 16102977?
1
What is the millions digit of 280644813?
0
What is the hundred thousands digit of 1148032?
1
What is the ten thousands digit of 2052909451?
0
What is the hundred millions digit of 320831081?
3
What is the hundred millions digit of 569852548?
5
What is the ten thousands digit of 875128981?
2
What is the millions digit of 1111404257?
1
What is the ten thousands digit of 65964146?
6
What is the hundreds digit of 260427584?
5
What is the hundred millions digit of 236101970?
2
What is the hundreds digit of 1903448631?
6
What is the tens digit of 578314349?
4
What is the hundred thousands digit of 742059057?
0
What is the tens digit of 534909576?
7
What is the millions digit of 40754531?
0
What is the hundred millions digit of 6622576372?
6
What is the ten thousands digit of 4833638?
3
What is the ten thousands digit of 3157359?
5
What is the hundreds digit of 340190154?
1
What is the tens digit of 26176149?
4
What is the hundreds digit of 107015928?
9
What is the ten thousands digit of 5570171004?
7
What is the hundred thousands digit of 376931231?
9
What is the ten thousands digit of 2495303236?
0
What is the hundred thousands digit of 1131509257?
5
What is the units digit of 240517701?
1
What is the units digit of 82982212?
2
What is the ten thousands digit of 149124227?
2
What is the hundred millions digit of 4558816571?
5
What is the ten millions digit of 55913318?
5
What is the ten millions digit of 12042204?
1
What is the thousands digit of 35139892?
9
What is the units digit of 334150745?
5
What is the ten thousands digit of 408928941?
2
What is the ten thousands digit of 229431046?
3
What is the thousands digit of 1732019488?
9
What is the millions digit of 1802215093?
2
What is the thousands digit of 87650964?
0
What is the hundreds digit of 1903059037?
0
What is the tens digit of 1130195330?
3
What is the thousands digit of 1243091168?
1
What is the thousands digit of 64591896?
1
What is the units digit of 16128098?
8
What is the hundreds digit of 27060503?
5
What is the ten millions digit of 3227214112?
2
What is the ten millions digit of 243021677?
4
What is the ten thousands digit of 200586839?
8
What is the hundreds digit of 40653754?
7
What is the units digit of 116645430?
0
What is the hundreds digit of 3776885994?
9
What is the hundreds digit of 98605375?
3
What is the ten millions digit of 55937311?
5
What is the millions digit of 7898673510?
8
What is the millions digit of 53662055?
3
What is the units digit of 523551288?
8
What is the tens digit of 232056584?
8
What is the hundred thousands digit of 566154807?
1
What is the ten millions digit of 475674436?
7
What is the hundred millions digit of 684266656?
6
What is the ten thousands digit of 20671469?
7
What is the ten thousands digit of 4096663855?
6
What is the thousands digit of 358864666?
4
What is the units digit of 12945785?
5
What is the thousands digit of 45074284?
4
What is the millions digit of 33096946?
3
What is the hundred millions digit of 161833238?
1
What is the ten thousands digit of 6193731671?
3
What is the tens digit of 31612973?
7
What is the hundred millions digit of 2860390207?
8
What is the hundred thousands digit of 81998496?
9
What is the tens digit of 121471287?
8
What is the ten thousands digit of 102231007?
3
What is the hundred thousands digit of 32038225?
0
What is the hundreds digit of 112339146?
1
What is the ten millions digit of 133409804?
3
What is the ten millions digit of 18134625?
1
What is the millions digit of 258910176?
8
What is the tens digit of 40352207?
0
What is the units digit of 134662664?
4
What is the hundred millions digit of 130248263?
1
What is the hundreds digit of 358576164?
1
What is the ten millions digit of 4973359794?
7
What is the tens digit of 398278440?
4
What is the hundreds digit of 3087366371?
3
What is the hundreds digit of 48316180?
1
What is the ten millions digit of 38902529?
3
What is the ten millions digit of 6626649351?
2
What is the ten millions digit of 59952214?
5
What is the millions digit of 3242062?
3
What is the thousands digit of 431843853?
3
What is the ten millions digit of 813237259?
1
What is the billions digit of 4428840382?
4
What is the ten millions digit of 269958325?
6
What is the hundreds digit of 1523317608?
6
What is the millions digit of 64669049?
4
What is the billions digit of 1524672760?
1
What is the ten millions digit of 3386658616?
8
What is the units digit of 10165315?
5
What is the ten millions digit of 172040674?
7
What is the units digit of 774912783?
3
What is the hundred millions digit of 1867111815?
8
What is the units digit of 79667771?
1
What is the millions digit of 860819749?
0
What is the ten millions digit of 3140199538?
4
What is the thousands digit of 263073355?
3
What is the ten millions digit of 54756704?
5
What is the hundred millions digit of 878095777?
8
What is the millions digit of 318974633?
8
What is the tens digit of 527954156?
5
What is the hundred thousands digit of 1056331351?
3
What is the millions digit of 3289897338?
9
What is the units digit of 7157084?
4
What is the units digit of 25252710?
0
What is the tens digit of 145889936?
3
What is the millions digit of 4037615712?
7
What is the hundred thousands digit of 32689946?
6
What is the hundred millions digit of 163766914?
1
What is the millions digit of 615628186?
5
What is the ten millions digit of 37417569?
3
What is the hundred thousands digit of 119783523?
7
What is the tens digit of 125312453?
5
What is the hundred millions digit of 226499167?
2
What is the units digit of 16737485?
5
What is the thousands digit of 39547807?
7
What is the thousands digit of 66769415?
9
What is the units digit of 861905417?
7
What is the millions digit of 29590935?
9
What is the thousands digit of 1175777929?
7
What is the thousands digit of 107259757?
9
What is the hundred thousands digit of 83364484?
3
What is the hundreds digit of 385339737?
7
What is the units digit of 349084448?
8
What is the thousands digit of 600190606?
0
What is the thousands digit of 1060000942?
0
What is the ten thousands digit of 4008090531?
9
What is the hundred millions digit of 1049179396?
0
What is the hundreds digit of 68432199?
1
What is the ten millions digit of 1727004278?
2
What is the hundred millions digit of 638186162?
6
What is the hundred millions digit of 368149250?
3
What is the hundred thousands digit of 101624780?
6
What is the ten thousands digit of 164247572?
4
What is the ten thousands digit of 31200461?
0
What is the units digit of 64812544?
4
What is the hundred millions digit of 247439428?
2
What is the tens digit of 41561843?
4
What is the ten millions digit of 34097426?
3
What is the thousands digit of 179133496?
3
What is the ten thousands digit of 480424112?
2
What is the ten thousands digit of 105731877?
3
What is the hundred thousands digit of 21911010?
9
What is the ten millions digit of 14094476?
1
What is the units digit of 1568355?
5
What is the hundred thousands digit of 1345676073?
6
What is the hundred millions digit of 1105647170?
1
What is the thousands digit of 108597062?
7
What is the hundred thousands digit of 40790489?
7
What is the units digit of 57197401?
1
What is the ten millions digit of 98185250?
9
What is the tens digit of 161855644?
4
What is the ten millions digit of 366410173?
6
What is the tens digit of 37105388?